sor of s and 49?
7
Suppose 0 = 2*h + 5*c - 3376, -5064 = -3*h - 6*c + 2*c. What is the greatest common factor of 8 and h?
8
Suppose 0 = -9*z + 2*z. Suppose -10*r + 797 + 1153 = z. Calculate the greatest common divisor of 13 and r.
13
Let a be ((-4)/3)/(12/(-9)). Let y be 36 + a/(-3) + 39/9. Let q = -11 - -15. Calculate the highest common divisor of q and y.
4
Let g be (10 - 383 - 2)*-1. What is the highest common factor of g and 625?
125
Suppose -2*p + 808 = 3*n - 7*n, n = 4*p - 216. Let c = n - -486. Let t(l) = -13*l. Let r be t(-2). Calculate the greatest common factor of r and c.
26
Let c = -132 + 187. Let x = -48 + c. Calculate the highest common divisor of x and 77.
7
Let a(f) = 3*f - 4. Let x be a(2). Let z = x - -1. Suppose z*v - 20 = -14. What is the greatest common divisor of v and 3?
1
Let f = -50 - -53. Let q be f/4 - (-194)/8. Calculate the greatest common divisor of 225 and q.
25
Suppose -347 = 4*g - 427. What is the greatest common factor of 100 and g?
20
Let q be (1*7)/(-5 + (-165)/(-30)). Let j be ((-57)/(-2))/(15/(-20)). Let d = 108 + j. Calculate the greatest common factor of q and d.
14
Suppose 0 = -4*g, -5*v = -5*g - 6 + 1. Calculate the greatest common divisor of 23 and v.
1
Suppose 3*k + 0*k - 312 = 0. Suppose 3*x = -x + k. What is the greatest common divisor of x and 286?
26
Let z = 3676 + -2551. Calculate the greatest common divisor of 45 and z.
45
Let j be -4 - (-3)/((-12)/16). Let t be j/40 - (-782)/10. Suppose 31*n - 34*n + t = 0. What is the greatest common factor of 39 and n?
13
Let z(c) = -6 - 4 + 7*c - c**2 + 0*c**2 + 3. Let x be z(4). What is the greatest common factor of 15 and x?
5
Suppose -3*k + 0 = -3*s + 21, k = -2*s + 29. Let w be 2025/s + 12/(-16) + -3. Calculate the highest common divisor of w and 33.
33
Let j = -41 + 122. What is the highest common factor of j and 1863?
81
Suppose -24 = -8*r - 4*r. Suppose -2*f + 0*f + 58 = r*w, -28 = -2*f + 4*w. Let n be 1 - (-3)/(3/7). Calculate the greatest common divisor of n and f.
8
Let h be 4*(-4)/((-4)/2). Let l be ((-48)/14)/(30/(-105)). Suppose -l*c - 176 = -14*c. Calculate the greatest common factor of h and c.
8
Let b = 114 - 99. Let m(n) = 8*n - 48. Let r be m(b). Calculate the highest common factor of r and 48.
24
Suppose -22 = 10*k - 62. Calculate the highest common factor of k and 26.
2
Let u = 76 + -55. Suppose 308 = -17*m + u*m. Calculate the highest common factor of m and 22.
11
Suppose -3 - 2 = a. Let b = a - -20. Calculate the highest common divisor of 135 and b.
15
Let r be 0 + -1 - 3/(3/(-226)). Suppose 31*j - r = 26*j. What is the highest common factor of j and 15?
15
Let g = 96 - -84. What is the greatest common divisor of g and 24?
12
Let v(y) = 8*y - 33. Let m be v(7). What is the highest common divisor of m and 115?
23
Let n(v) = v**2 - 12*v - 55. Let k be n(16). Calculate the highest common factor of k and 3.
3
Suppose j = l + 29, -3*j + 6*l - 2*l = -86. What is the greatest common divisor of 10 and j?
10
Suppose 10*y - 6045 = 17235. What is the highest common factor of y and 24?
24
Let y(b) = b + 18. Let t be y(-14). Suppose 55 = -3*h + 2*w - t*w, -4*w + 26 = -2*h. Let k = h - -22. Calculate the greatest common divisor of 5 and k.
5
Suppose -288 = j - 5*j. Suppose 4*s + l = -17, -5*s + 10*s = -4*l - 24. Let o = s - -12. What is the greatest common divisor of o and j?
8
Suppose -898*s + 894*s + 3132 = 0. Calculate the highest common divisor of s and 87.
87
Let s be 1162/14 - 0/(-2). Let n = -55 - -112. Let l = s - n. What is the highest common factor of 39 and l?
13
Let t be -1*11 - ((6 - 11) + 2). Let r be t/36 + (436/18 - 0). What is the highest common factor of r and 8?
8
Suppose 2*s = -4*g + 166, 3*g - 126 = -0*g - 2*s. Suppose -1 = -o + g. Let p = -23 + o. Calculate the greatest common divisor of 2 and p.
2
Let o be (-4)/(-5)*5/1. Suppose -o*t + 2*l = -458, 5*t - 2*l - 517 = 53. Let g be t/(-21)*(-3)/2. What is the highest common factor of 32 and g?
8
Let n(m) = -m**2 + 36*m + 131. Let c be n(31). Calculate the highest common divisor of 26 and c.
26
Let k be 60/(-21)*(-56)/16. Suppose 5*o = 31 - 6. Suppose o*y - u = 2*u + 10, u = 0. Calculate the greatest common factor of y and k.
2
Let g = 399 + -280. Let h = g + -19. Calculate the greatest common divisor of 250 and h.
50
Suppose 3*z = 5*f + 835, 0 = -2*z + 5*f + 722 - 157. Calculate the highest common factor of z and 60.
30
Suppose -99 = 5*t - 6*t. Calculate the highest common divisor of t and 121.
11
Let f be 46/(-69) - (-5)/3. Let b be (-5)/f*-12 - 0. Let u be (-1 + -29)*(-2)/5. What is the greatest common factor of u and b?
12
Let y be (98/(-35))/(3/(-180)). Calculate the greatest common factor of y and 48.
24
Let v be 10088/40 - (-4)/5. What is the highest common factor of 23 and v?
23
Suppose 4 - 1 = g. Let s be 3 + (-2 - (-2 + g)). Suppose s = -4*p + 48 + 4. Calculate the greatest common divisor of p and 39.
13
Let o be 6 + -8 + -1 - -9. Calculate the highest common divisor of o and 144.
6
Suppose -3*c + 3*v - 12 = 0, -v + 4*v = 15. Let b be (8/(16/54))/c. Calculate the highest common divisor of 36 and b.
9
Suppose 0 = -b + 4, d - 2*d + 6 = b. Let o = 112 + -98. Calculate the highest common factor of d and o.
2
Let t(d) = 26*d + 2. Let y(p) = 53*p + 5. Let x(k) = 7*t(k) - 3*y(k). Let o be x(1). What is the highest common divisor of 176 and o?
22
Suppose 0 = 2*n + 3 - 283. Suppose -146*m = -150*m + 160. Calculate the highest common factor of m and n.
20
Suppose -2*k + 640 = 6*k. Calculate the highest common factor of 50 and k.
10
Suppose -4*c + 1198 = 6*o - 8*o, o - 601 = -2*c. Calculate the greatest common factor of 12 and c.
12
Let t(h) = 7*h**2 + 3*h + 5. Let c be t(-2). Let q be c/6*56/6. What is the greatest common factor of 6 and q?
6
Let d be 12*((-15)/(-6) + -2). Let g(a) = -a - 4. Let z be g(-6). Suppose 6 + 54 = z*l. What is the highest common factor of l and d?
6
Let b(w) = 3*w**2 - 7*w - 16. Let p be b(-7). Calculate the highest common factor of p and 20.
20
Let x = 101 + -58. Suppose x - 9 = z. What is the greatest common divisor of z and 51?
17
Let v be (8 + -5 - 7) + 112. What is the greatest common factor of 270 and v?
54
Suppose 2*x + 104 + 39 = 3*q, -5*x - 3*q - 305 = 0. Let u be ((-1)/(-4))/((-8)/x) - -38. Calculate the highest common divisor of u and 60.
20
Let f(v) = 6*v**2 - 3*v - 12. Let l be f(-2). What is the highest common factor of l and 81?
9
Let h(d) = d**2 + 1. Let o be h(2). Suppose -14 = -3*r - n, r + 22 = o*r + 2*n. Suppose -2*v + r*v = 10. What is the greatest common divisor of v and 50?
10
Suppose -69*b - 176 = -77*b. What is the highest common divisor of 176 and b?
22
Let a be (-94)/(-10) + 9/15. Suppose -a = -4*b + 10. Calculate the highest common divisor of 10 and b.
5
Let a be (-2)/6*-30 + 1726. What is the greatest common divisor of 31 and a?
31
Let b = 27 + -7. Let s = 2122 + -2118. What is the greatest common divisor of s and b?
4
Let p(v) = -32*v - 277. Let u be p(-11). What is the highest common divisor of u and 50?
25
Suppose 5*n + 5 - 20 = 2*x, -2*x + 6 = 2*n. Suppose -n*u - 4 = -5*u. Suppose u*w = 7*w - 15. Calculate the greatest common divisor of 21 and w.
3
Let d(t) = -t**2 - 23*t - 78. Let c be d(-16). Let u = 3 + -1. What is the highest common divisor of c and u?
2
Suppose -4*w + 2*z + 0*z = -20, 0 = 5*w + 4*z + 1. Suppose 360 = 7*s - w*s. Suppose -3*p = -p - 20. What is the greatest common divisor of s and p?
10
Let t(p) = p**2 - 2*p - 6. Let n be t(6). Let u = -9 + 17. Let r be 1294/u - (-1)/4. What is the highest common factor of r and n?
18
Let v(i) = 7*i**2 + 5*i - 9. Let n be v(3). Suppose 51 = 10*o - n. Let k(l) = 6*l**2 - 4*l + 2. Let x be k(2). Calculate the highest common divisor of o and x.
6
Let i(w) = -4*w - 5*w**2 + w**3 + 9*w + 0*w**2 - 3 + 0*w**3. Let o be i(4). Calculate the highest common factor of 3 and o.
1
Suppose 0 = 13*v - 16*v + 60. Suppose 2*i + 4 = 0, -i - 282 = -4*c + v. Calculate the highest common divisor of 15 and c.
15
Let b(o) = -o**3 + 5*o**2 + 8*o - 8. Let q be b(6). Suppose 0 = -3*t + 3*m + 150, q*m = -t - 0*m + 75. Calculate the greatest common factor of 22 and t.
11
Suppose 117*t - 107*t = 570. What is the highest common factor of 12 and t?
3
Let q be ((-65)/2)/(-1*2/4). Let w = 2 + 9. Le